test common divisor of 121873 and 964070?
1819
Calculate the highest common divisor of 20812 and 320520409.
5203
Calculate the greatest common divisor of 37002 and 791138.
1762
Calculate the highest common divisor of 7772 and 490708.
268
What is the greatest common divisor of 375460 and 5068?
4
Calculate the greatest common divisor of 9103304 and 56.
56
What is the greatest common factor of 750 and 87250?
250
What is the highest common divisor of 48549471 and 19248?
1203
Calculate the greatest common factor of 46575 and 104985225.
5175
Calculate the highest common factor of 1434829 and 165.
11
Calculate the highest common factor of 1857192 and 114.
6
What is the highest common factor of 4298 and 391132?
14
What is the highest common divisor of 6 and 12096750?
6
Calculate the highest common factor of 60116 and 72428.
76
What is the greatest common factor of 683008 and 15824?
368
Calculate the greatest common divisor of 798114947 and 4306.
2153
What is the highest common factor of 5736 and 85718306?
478
What is the highest common divisor of 2521572 and 12?
12
Calculate the greatest common factor of 28944 and 7312112.
1072
Calculate the greatest common factor of 28 and 75383518.
14
Calculate the greatest common divisor of 308 and 18855606.
154
What is the greatest common divisor of 381311 and 97713?
329
What is the greatest common divisor of 185748 and 257086?
1346
Calculate the highest common factor of 93448756 and 496.
124
Calculate the highest common divisor of 670915 and 8795927.
4627
What is the highest common divisor of 88491 and 32019?
39
What is the greatest common divisor of 3171 and 76795882?
151
What is the highest common divisor of 3304187 and 122?
61
Calculate the highest common factor of 62450181 and 18.
9
Calculate the greatest common divisor of 148 and 161103106.
74
What is the highest common factor of 86018970 and 30?
30
Calculate the highest common factor of 11518 and 2374996.
26
What is the highest common divisor of 82052 and 1168?
292
What is the highest common divisor of 6394104 and 648?
72
What is the highest common factor of 14787 and 206541?
477
Calculate the greatest common factor of 178118 and 2590222.
2146
What is the highest common factor of 360 and 5527050?
30
Calculate the greatest common divisor of 1849465 and 10.
5
What is the greatest common factor of 32566394 and 7525?
301
Calculate the highest common divisor of 96446 and 65653.
581
What is the greatest common divisor of 1015 and 4496695?
35
What is the greatest common factor of 2009160 and 48?
24
Calculate the highest common factor of 43612140 and 3795.
3795
What is the highest common divisor of 23895213 and 2?
1
Calculate the highest common factor of 186530 and 65780.
230
What is the greatest common factor of 2284794 and 144?
18
Calculate the greatest common factor of 110896 and 195344.
464
Calculate the highest common divisor of 9 and 343427202.
9
Calculate the greatest common factor of 232 and 1472000.
8
Calculate the highest common divisor of 175645 and 255.
5
Calculate the highest common factor of 37767975 and 60945.
3585
Calculate the greatest common divisor of 2855534 and 539.
11
Calculate the greatest common factor of 4700379 and 12.
3
What is the greatest common divisor of 152094 and 25836?
6
Calculate the greatest common factor of 1204 and 42848554.
602
What is the greatest common divisor of 30955 and 665155?
755
What is the highest common divisor of 55455673 and 65?
13
What is the highest common divisor of 3 and 3025278?
3
What is the greatest common factor of 2376 and 94846356?
1188
Calculate the highest common divisor of 212712088 and 4792.
4792
Calculate the greatest common factor of 1914 and 434652.
174
Calculate the greatest common factor of 44095018 and 32549.
2959
Calculate the highest common factor of 22632 and 9640128.
552
Calculate the highest common divisor of 144577481 and 29627.
2279
Calculate the greatest common divisor of 212 and 16957774.
106
Calculate the highest common factor of 13 and 35153092.
13
Calculate the highest common divisor of 587601 and 4.
1
What is the highest common divisor of 26125 and 2688785?
1045
Calculate the highest common divisor of 916766702 and 1438.
1438
What is the greatest common factor of 737 and 530123?
11
What is the highest common factor of 703 and 595552?
37
What is the greatest common divisor of 1824 and 109974?
6
What is the highest common divisor of 43002 and 313200?
18
What is the greatest common factor of 221 and 115217466?
221
Calculate the highest common divisor of 8660 and 117919756.
1732
Calculate the highest common factor of 646473 and 226.
113
What is the greatest common divisor of 18810 and 20292?
114
What is the highest common factor of 206 and 192740089?
103
What is the greatest common divisor of 998554 and 242?
2
Calculate the greatest common factor of 42374384 and 5408.
2704
Calculate the highest common divisor of 44 and 7255292.
44
Calculate the greatest common factor of 264490 and 167030.
10
Calculate the highest common factor of 18440 and 3060440.
40
What is the greatest common divisor of 31276380 and 12?
12
Calculate the highest common divisor of 47738077 and 40571.
1399
What is the greatest common divisor of 8732426 and 436?
218
What is the greatest common factor of 9556896 and 2?
2
What is the greatest common factor of 13786 and 662826?
122
What is the greatest common factor of 554838 and 14880?
186
What is the highest common factor of 11539544 and 536?
536
What is the highest common divisor of 37687 and 12126517?
2899
What is the highest common divisor of 280 and 15813560?
280
Calculate the highest common factor of 12382939 and 549.
61
Calculate the greatest common divisor of 4490971 and 8511.
2837
What is the highest common factor of 648728 and 2688?
8
Calculate the greatest common factor of 30583 and 2261.
119
Calculate the greatest common factor of 3290 and 25681411.
329
Calculate the greatest common divisor of 498176 and 1232.
112
Calculate the highest common factor of 12465 and 675.
45
Calculate the highest common divisor of 73245 and 3544830.
285
What is the highest common factor of 449269079 and 38?
19
Calculate the greatest common divisor of 15932295 and 30550.
235
Calculate the greatest common divisor of 11905505 and 5.
5
What is the greatest common factor of 69324 and 228324?
636
Calculate the greatest common divisor of 12938173 and 68.
17
What is the highest common factor of 224112 and 53820984?
4872
What is the greatest common divisor of 1614 and 25569526?
538
What is the highest common divisor of 11904 and 21043296?
2976
What is the highest common divisor of 40039929 and 9?
9
What is the highest common factor of 153 and 127935?
9
Calculate the greatest common factor of 4077 and 24835725.
1359
What is the greatest common factor of 12980 and 1589080?
20
What is the greatest common factor of 48247145 and 705?
235
Calculate the greatest common factor of 832711 and 121253.
803
Calculate the highest common divisor of 42 and 11019946.
14
Calculate the greatest common divisor of 5939941 and 1393.
7
What is the greatest common factor of 713674 and 2678?
26
What is the greatest common factor of 4301 and 63270447?
391
Calculate the highest common factor of 209286 and 151074.
1386
What is the greatest common factor of 72 and 3873168?
72
Calculate the greatest common divisor of 45711732 and 3069.
1023
Calculate the highest common divisor of 42 and 118823859.
21
What is the greatest common divisor of 165229446 and 6?
6
What is the highest common divisor of 103119968 and 1072?
1072
Calculate the highest common factor of 1043076 and 5052.
12
What is the greatest common factor of 39 and 4622943?
39
What is the highest common factor of 5995 and 25905?
55
Calculate the greatest common factor of 5842 and 6983984.
254
What is the highest common divisor of 24 and 53874240?
24
Calculate the greatest common divisor of 32403491 and 309.
103
What is the highest common factor of 27 and 28112787?
9
Calculate the greatest common factor of 6862 and 1805144.
146
Calculate the greatest common divisor of 4376 and 82159947.
547
Calculate the highest common divisor of 35430105 and 30.
15
Calculate the greatest common divisor of 976134024 and 16.
8
What is the highest common divisor of 40730 and 36